 = 3 + -5. Let z be (72 + -10)*(-1)/i. Suppose 0*d = -2*d + b + 89, d - 5*b = z. What is the tens digit of d?
4
Let i(m) be the first derivative of -m**4/4 - 4*m**3/3 - 5*m**2/2 - 4*m + 4. Let r be i(-2). What is the tens digit of r - -13 - (6 - 8)?
1
Let f(y) = 9*y**2 - 3*y + 6. Suppose -2 = 3*s - 11. What is the tens digit of f(s)?
7
Let x(k) = k**2 + 11*k + 7. Let y be x(-7). Let c = y - -30. What is the units digit of c?
9
Let a = -73 + 76. Suppose 0 = a*z + 107 - 269. What is the tens digit of z?
5
Let o(k) = 90*k + 2. Let y be o(-1). Let j = -36 - y. What is the units digit of j?
2
Let d = 46 - 28. Let s be (-2)/(-4*3/d). Suppose s*k - f - 109 = -3*f, 0 = -3*k + f + 112. What is the tens digit of k?
3
Suppose -9*k - 1467 = -0*k. Let p = k + 242. What is the tens digit of p?
7
Let b = 47 + -79. Let g = 131 + b. What is the tens digit of g?
9
Let u = -436 - -1291. What is the hundreds digit of u?
8
Let k be (-5)/(-15) - 16/(-6). Suppose -24 = -3*f + 2*y - 5*y, 5*y = k*f. Suppose 0 = -f*r + 10, 2*r - r + 23 = q. What is the tens digit of q?
2
Suppose 0 = 3*v - 4183 - 3377. What is the thousands digit of v?
2
Let y(a) be the second derivative of a**5/20 - 4*a**4/3 - 14*a**3/3 + 5*a**2/2 + 3*a. What is the units digit of y(18)?
9
Let j be 2/(4/36*6). Let u be (j/2)/(9/(-30)). Let t(m) = m**3 + 7*m**2 - 2*m - 3. What is the tens digit of t(u)?
5
Let d = 1842 - 901. What is the hundreds digit of d?
9
Let y = 375 + -102. What is the tens digit of y?
7
Let h = 1 + -1. Suppose 4*s + 32 = 2*w, h = 4*w - 0*w - 3*s - 49. What is the units digit of w?
0
Let k be -1 - (-2 - -4)*-10. Suppose -6*b = -419 - k. What is the tens digit of b?
7
Suppose -s = -5*f + 2*s + 81, f - 5*s = 3. Suppose -2*n + 4*n - f = 5*l, -n + 12 = -4*l. What is the units digit of l/(-17) - 4419/(-153)?
9
Let p(q) = -8*q + 1. Let z = -16 - -13. What is the tens digit of p(z)?
2
Suppose 1973*d = 1963*d + 17810. What is the units digit of d?
1
Let h be (4/(-3))/((-36)/81). Suppose -4*t - 4*u + 270 = 6, h*u = 3*t - 192. What is the tens digit of t?
6
Let j(i) = 3*i + 24. Let q be j(0). Let l = 46 - q. What is the units digit of l?
2
Let l(b) = -b**2 + 2*b. Let r be l(4). Let v = 7 + r. What is the units digit of (1*v)/(10/(-50))?
5
Suppose -3 + 11 = 4*f, 0 = -3*t + 2*f + 2. Suppose 2 = a - t. Let h = 6 - a. What is the units digit of h?
2
Let f be (-4)/(-4) - (0 - 2). Let o(s) = s**2 - 3. Let l be o(-3). Suppose -3 = m - l*m + 3*p, -3*m - f*p + 21 = 0. What is the units digit of m?
3
Let g be 27 - (2 - 0) - 1. Let a be 15/3 - 2/((-2)/(-3)). Suppose -2*d = -4*p + 44, -2*p + g - 8 = a*d. What is the tens digit of p?
1
Let y be (218/6)/((-1)/(-3) - 0). Suppose 6*k = 7*k - y. What is the tens digit of k?
0
Suppose -2*v + 2*p = -240, -2*v + 5*p = 6*p - 231. Suppose 119*t = v*t + 320. What is the hundreds digit of t?
1
What is the hundreds digit of -4 - 1/((-4)/1516)?
3
Suppose -56 = -u + 5*s + 97, -3*u + 383 = 4*s. What is the units digit of u?
3
Let r be 3*3/(-18)*0. Suppose r = s - 59 + 10. What is the tens digit of s?
4
Let k(q) = q**2 + 1. Let i be k(1). Suppose 0 = i*j + 5*d - 323, -3*d + 401 = 2*j + 84. What is the hundreds digit of j?
1
Suppose -c + 7 = -23. Suppose 25*g - c = 22*g. What is the tens digit of g?
1
Suppose 5*g + 2*l = 49, 4*g - g - 18 = -5*l. Suppose 13*n - g*n = 70. What is the tens digit of n?
3
Let o = 7222 - 4451. What is the hundreds digit of o?
7
Suppose 3*t = -2*t + 60. Let j = t - 7. Suppose -3*p + 99 = 4*x, -25 = j*p + 3*x - 201. What is the units digit of p?
7
Suppose 0 = -8*a + 14*a - 6. Suppose 4*m - 527 = a. What is the tens digit of m?
3
Let y = 563 - -368. What is the tens digit of y?
3
Let r(u) = -u**3 - 11*u**2 - 18*u - 24. What is the hundreds digit of r(-11)?
1
Suppose 4*j + 2*t - t = -23, 3*j = -4*t - 14. What is the units digit of (-840)/18*j/5?
6
Let l(h) = 4*h**3 + 20*h**2 - 36*h - 28. Let n(o) = -o**3 - 5*o**2 + 9*o + 7. Let u(d) = 2*l(d) + 9*n(d). What is the tens digit of u(-7)?
4
What is the hundreds digit of ((-11)/44)/(4/(-18752))?
1
Let i = -4 + 6. What is the tens digit of (2 - -21) + i + -1?
2
Let u = -4925 + 7747. What is the thousands digit of u?
2
Let u(x) = 11*x**2 + 4*x + 5. Let b(i) = 12*i**2 + 5*i + 6. Let v(f) = -6*b(f) + 7*u(f). What is the tens digit of v(-2)?
2
Suppose 3 = 2*f - 5. Suppose -f = 6*i + 20. Let v = i - -18. What is the tens digit of v?
1
Let m be (-8)/28 - 2/(-7). Suppose m = -5*t + 93 + 37. Suppose -t = -3*c - 2*k, 10*k - 5*k - 29 = -3*c. What is the units digit of c?
8
Let i(t) = 4*t**2 - 10*t - 7. Suppose -6*n + 4*n = 8. What is the tens digit of i(n)?
9
Suppose 0 = 6*d - 5*d - 192. Suppose -t + 5*p = -27, 4*t + 3*p - 2*p = d. What is the units digit of t?
7
Let f be (0 - 2) + (2 - -5). Suppose f*v - 3*x = v + 312, -3*v = -4*x - 241. What is the tens digit of v?
7
What is the tens digit of -6*183*(-4)/(-36)*-1?
2
Let v(x) = 420*x**2 - 6*x + 24. What is the hundreds digit of v(-3)?
8
Suppose 0*b + 2*b = 6. Suppose x = b*c + 2*x - 7, -2*c = -4*x. What is the tens digit of c + -3 - 48/(-2)?
2
Let v(k) = k**3 + 2*k**2 - 3*k - 3. Let s(i) = -i**3 + 8*i**2 - 2. Let d be s(8). Let u be v(d). Suppose -5*b + u = -2. What is the units digit of b?
1
Let f be (-3)/(-2) - 12/(-8). Suppose -l - 6 - f = -2*c, -5*c + 23 = -3*l. Suppose c*k = 8*k - 144. What is the tens digit of k?
3
Let d be (2/6)/(2/84). Let t = d + -7. What is the units digit of t?
7
Let l(p) = p**3 - p**2 + p. Let m be l(0). Let y be 1*(0 + m) + -7. Let i = y - -12. What is the units digit of i?
5
Let w(z) be the first derivative of -23*z**2 + z - 12. What is the tens digit of w(-1)?
4
Suppose 4*w = 2 + 18. Suppose 0 = -9*i + w*i. Suppose i*q = q - 22. What is the units digit of q?
2
Let w(q) = 14*q + 12. Let j be w(-5). Let u = 114 + j. What is the units digit of u?
6
Suppose -4*o + 906 = -t, -3*o = -5*o - 4*t + 462. What is the tens digit of o?
2
Let d be (-5)/(0 + (-4)/(-8)). Let o = d + 29. Let a = 46 - o. What is the tens digit of a?
2
Let m be ((-27)/2)/(3/(-40)). Suppose 3*q = -4*x + 446, -2*x - 4*q + 38 = -m. Suppose -5*j - 5*d - 8 = -x, -2*j - d = -45. What is the tens digit of j?
2
What is the units digit of (7/((-21)/(-12)) - -827) + -5?
6
Let s = 1450 - -1855. What is the thousands digit of s?
3
Suppose 4497 - 16385 = -8*d. What is the units digit of d?
6
Suppose 4*r - 571 = -63. Suppose r + 17 = k. What is the hundreds digit of k?
1
Let k(n) = -2*n**3 - 2*n + 2688. Let o be k(0). Suppose -17*b + b = -o. What is the tens digit of b?
6
Suppose -7*r - 1795 = -12*r. What is the units digit of r?
9
Suppose 3*c + 6 = 0, -c - 663 = -2*l - 115. What is the tens digit of l?
7
Let d = 3 - 0. Suppose -d*r = -0*r - 522. Suppose 0 = 3*p - 5*h - 102, -5*p + r - 4 = 4*h. What is the tens digit of p?
3
Let y(v) = -13 - 4*v + 3*v + 3*v - 4. Let r be y(10). Let a(t) = 13*t + 2. What is the tens digit of a(r)?
4
Suppose -4*p + t + 12 = -0*t, -12 = -3*t. Suppose -3*r = -p*n - 17, 4*r + 4*n - 2 = 2. What is the units digit of r?
3
Let g be 117/(-26)*4/(-3). Suppose 3*w + 23 = -4*i, -2*w - 17 = i + 2*i. Let d = g - w. What is the units digit of d?
7
Suppose 3*m - 5*m = 68. Let k = m - -13. What is the units digit of 3/(-1)*203/k?
9
Let u be (12/(-42))/((-3)/21). Let c be 2 + (-6)/3 + 2. Suppose -u*s = c*s - 96. What is the tens digit of s?
2
Suppose -d + 64 = 4*m - 5*d, 2*d + 50 = 3*m. Let y be 464/(-18) - 4/m. Let o = y - -31. What is the units digit of o?
5
Let x(f) = -f**3 - 5*f**2 - 2*f + 6. Let m be x(-4). What is the units digit of -2*(m - (-460)/(-5))?
8
Let d = -102 - -1007. What is the units digit of d?
5
Let o(i) = 7*i**2 + 6*i + 2. Suppose -4*x - 4*y - 20 = 0, -x - 4*y - 3 - 5 = 0. What is the tens digit of o(x)?
9
Suppose 5*s - 249 = k, -2*k - 3*k - 145 = -3*s. Suppose -5*m - 3*r = 2*r + 65, 0 = -2*m + 4*r - s. Let z = 21 + m. What is the units digit of z?
4
What is the hundreds digit of (-168135)/55*1/(-3)?
0
Let d = -16 - -23. Let m be 7/((-196)/(-8))*d. Suppose m*l - 5*l = -18. What is the units digit of l?
6
Let r = 448 + -335. Suppose -3*z + 4*z - 5 = 0. Suppose 5*h - 94 = 4*o + 82, z*o - r = -3*h. What is the units digit of h?
6
Let x = 656 - 176. What is the tens digit of x?
8
Suppose 26574 = 15*t - 6546. What is the units digit of t?
8
Sup